{"id":13602,"date":"2018-01-08T12:41:11","date_gmt":"2018-01-08T11:41:11","guid":{"rendered":"http:\/\/epupharm.com\/?page_id=13602"},"modified":"2024-02-15T16:42:15","modified_gmt":"2024-02-15T15:42:15","slug":"cgv","status":"publish","type":"page","link":"https:\/\/epupharm.com\/index.php\/cgv\/","title":{"rendered":"CGV"},"content":{"rendered":"<p>[vc_row dfd_row_config=\u00a0\u00bbfull_width_content\u00a0\u00bb bg_check=\u00a0\u00bbrow-background-dark\u00a0\u00bb css=\u00a0\u00bb.vc_custom_1515412512413{padding-top: 80px !important;background-color: #284083 !important;}\u00a0\u00bb][vc_column offset=\u00a0\u00bbvc_hidden-sm vc_hidden-xs\u00a0\u00bb][vc_column_text css=\u00a0\u00bb.vc_custom_1515412396333{padding-right: 30px !important;padding-left: 30px !important;}\u00a0\u00bb]<\/p>\n<h2 style=\"text-align: center;\">CONDITIONS G\u00c9N\u00c9RALES DE VENTE<\/h2>\n<p>[\/vc_column_text][\/vc_column][\/vc_row][vc_row][vc_column][vc_column_text css=\u00a0\u00bb.vc_custom_1632915599165{margin-top: 20px !important;margin-right: 22px !important;margin-bottom: 20px !important;margin-left: 20px !important;}\u00a0\u00bb]<\/p>\n<p style=\"text-align: center;\"><img loading=\"lazy\" class=\"wp-image-13840 aligncenter\" src=\"https:\/\/epupharm.com\/wp-content\/uploads\/2021\/09\/Capture-de\u0301cran-2021-09-29-a\u0300-13.38.01.png\" alt=\"\" width=\"427\" height=\"132\" srcset=\"https:\/\/epupharm.com\/wp-content\/uploads\/2021\/09\/Capture-de\u0301cran-2021-09-29-a\u0300-13.38.01.png 634w, https:\/\/epupharm.com\/wp-content\/uploads\/2021\/09\/Capture-de\u0301cran-2021-09-29-a\u0300-13.38.01-300x93.png 300w\" sizes=\"(max-width: 427px) 100vw, 427px\" \/><\/p>\n<p style=\"text-align: center;\">N\u00b0 SIRET 385 084 181 00036\u00a0 Code APE 8542 Z \u2013 N\u00b0 RNA\u00a0: W442004542<br \/>\n<em>D\u00e9claration d\u2019activit\u00e9 formation enregistr\u00e9e sous le n\u00b0 52 44 01759 44 (15\/07\/1992)<br \/>\naupr\u00e8s du Pr\u00e9fet de R\u00e9gion Pays de la Loire.<br \/>\nCet enregistrement ne vaut pas agr\u00e9ment de l\u2019\u00c9tat (article L6352-12 du Code du travail)<\/em><\/p>\n<p>[\/vc_column_text][\/vc_column][\/vc_row][vc_row dfd_row_config=\u00a0\u00bbfull_width_content\u00a0\u00bb css=\u00a0\u00bb.vc_custom_1515412253366{margin-bottom: 0px !important;border-bottom-width: 0px !important;padding-top: 80px !important;padding-bottom: 80px !important;background-color: #f3f3f3 !important;}\u00a0\u00bb][vc_column width=\u00a0\u00bb1\/6&Prime; offset=\u00a0\u00bbvc_hidden-sm vc_hidden-xs\u00a0\u00bb][\/vc_column][vc_column width=\u00a0\u00bb1\/3&Prime; css=\u00a0\u00bb.vc_custom_1515412215418{padding-right: 20px !important;}\u00a0\u00bb][vc_column_text]<strong>Les pr\u00e9sentes Conditions G\u00e9n\u00e9rales de Vente r\u00e9gissent les rapports entre :<\/strong><\/p>\n<p><em>D\u2019une part, l\u2019Association EPUPharm, association Loi 1901 \u00e0 but non lucratif, dont le si\u00e8ge est situ\u00e9 \u00e0 9 bis, rue du march\u00e9 commun 44300 NANTES, identifi\u00e9e sous le N\u00b0 SIREN 385 084 181, organisme de formation d\u00e9clar\u00e9 sous le num\u00e9ro 52 44 01759 44 aupr\u00e8s de la Pr\u00e9fecture des Pays de la Loire,<\/em><i><br \/>\n<em>Et d\u2019autre part, les clients tels que d\u00e9finis ci-apr\u00e8s.<\/em><\/i><br \/>\n<b><br \/>\n<strong>I \u2013 OBJET :<br \/>\n<\/strong><\/b>Les pr\u00e9sentes Conditions G\u00e9n\u00e9rales r\u00e9gissent les conditions de vente des produits commercialis\u00e9s par EPUPharm, soit le cycle de formations qui comprend les formations proprement dites, dispens\u00e9es par un formateur habilit\u00e9 par EPUPharm et se d\u00e9roulant en groupe, ainsi que la documentation y aff\u00e9rente.<br \/>\nLe fait pour le client de remplir une convention de formation vaut acceptation pleine et enti\u00e8re des pr\u00e9sentes Conditions G\u00e9n\u00e9rales, lesquelles, ajout\u00e9es \u00e0 la convention de formation, constituent le contrat liant le client \u00e0 EPUPharm.<br \/>\nLes pr\u00e9sentes Conditions G\u00e9n\u00e9rales sont modifiables \u00e0 tout moment par EPUPharm. Les conditions applicables sont celles en vigueur \u00e0 la date de l\u2019enregistrement de la commande.<br \/>\nEPUPharm peut \u00e0 tout moment modifier le contenu de ses prestations dans le cadre d\u2019une d\u00e9marche d\u2019am\u00e9lioration \u00e0 des fins p\u00e9dagogiques.<\/p>\n<p><strong>II \u2013 D\u00c9FINITIONS :<br \/>\n<\/strong>Dans les pr\u00e9sentes Conditions G\u00e9n\u00e9rales de Vente,<br \/>\nClient : Signifie l\u2019entit\u00e9 contractante avec EPUPharm.<br \/>\nEPUPharm : Signifie l\u2019association EPUPharm prise dans son activit\u00e9 de formation.<br \/>\nPrestation : Signifie les services rendus par EPUPharm.<br \/>\nStagiaire : Signifie la ou les personne(s) qui assiste(nt) \u00e0 la formation.<br \/>\nIII \u2013 MONTANT DE L\u2019ADH\u00c9SION :<br \/>\nLa cotisation annuelle pour l\u2019adh\u00e9sion \u00e0 l\u2019Association s\u2019\u00e9l\u00e8ve \u00e0 160 \u20ac (cent soixante euros) nets pour les pharmaciens titulaires-enseignants-retrait\u00e9s, 80 \u20ac (quatre-vingt euros) nets pour les pharmaciens adjoints, 60 \u20ac (soixante euros) nets pour les pharmaciens adjoints inscrits par un titulaire.<\/p>\n<p><strong>IV \u2013 MODALIT\u00c9S DE R\u00c9SERVATION :<br \/>\n<\/strong>Le formulaire d\u2019adh\u00e9sion et l\u2019inscription aux diff\u00e9rents stages peuvent \u00eatre effectu\u00e9s par courrier, par fax ou par e-mail \u00e0 epupharm@gmail.com et ouvrent droit \u00e0 suivre jusqu\u2019\u00e0 4 formations annuelles. La r\u00e9servation et la souscription ne sont effectives qu\u2019apr\u00e8s r\u00e9ception du r\u00e8glement ou de la convention de formation accompagn\u00e9e du r\u00e8glement.<br \/>\nLe Client re\u00e7oit la facture \u00e0 l\u2019issue de son adh\u00e9sion par email ou par courrier postal s\u2019il ne dispose pas d\u2019adresse e-mail.<br \/>\nUne attestation de stage (pour les formations en pr\u00e9sentiel) ou un certificat de r\u00e9alisation (pour les formations en distanciel) est remis(e) au Stagiaire \u00e0 l\u2019issue de la formation.<\/p>\n<p><strong>V \u2013 MODALIT\u00c9S DE R\u00c8GLEMENT :<br \/>\n<\/strong>Le r\u00e8glement des Prestations s\u2019effectue en totalit\u00e9 \u00e0 l\u2019inscription par ch\u00e8que et par virement (RIB adress\u00e9 \u00e0 l\u2019adh\u00e9rent \u00e0 r\u00e9ception de son inscription).[\/vc_column_text][\/vc_column][vc_column width=\u00a0\u00bb1\/3&Prime; css=\u00a0\u00bb.vc_custom_1515412238132{padding-right: 20px !important;padding-left: 10px !important;}\u00a0\u00bb][vc_column_text]<strong>VI \u2013 DROIT DE R\u00c9TRACTATION \u2013 CONDITIONS D\u2019ANNULATION OU DE REPORT :<br \/>\n<\/strong><em>Du fait du client :<\/em><br \/>\nConform\u00e9ment \u00e0 l\u2019article L.121-20 du Code de la consommation, \u00ab le consommateur dispose d\u2019un d\u00e9lai de quatorze jours francs pour exercer son droit de r\u00e9tractation sans avoir \u00e0 justifier de motif ni \u00e0 payer de p\u00e9nalit\u00e9s, \u00e0 l\u2019exception, le cas \u00e9ch\u00e9ant, des frais de retour \u00bb. Le Client doit le notifier \u00e0 EPUPharm par courrier ou par e-mail \u00e0 epupharm@gmail.com dans les 14 jours qui suivent son adh\u00e9sion. D\u00e8s r\u00e9ception, EPUPharm se mettra en rapport avec le Client pour valider avec lui les modalit\u00e9s de remboursement de la totalit\u00e9 de l\u2019adh\u00e9sion, par virement ou par ch\u00e8que.<\/p>\n<p><em>Du fait d\u2019EPUPharm :<\/em><br \/>\nEPUPharm se r\u00e9serve la possibilit\u00e9 d\u2019annuler ou de reporter le stage.<br \/>\nEn cas d\u2019annulation du fait de la maladie ou accident du formateur, EPUPharm s\u2019engage \u00e0 assurer la formation programm\u00e9e dans les meilleurs d\u00e9lais.<strong><br \/>\n<\/strong><\/p>\n<p><strong>VII \u2013 PROPRI\u00c9T\u00c9 :<br \/>\n<\/strong>Les contenus et le graphisme des programmes de formation dispens\u00e9s par EPUPharm sont propri\u00e9t\u00e9 exclusive d\u2019EPUPharm et ne doivent pas \u00eatre diffus\u00e9s.<\/p>\n<p><strong>VIII \u2013 INFORMATIQUE ET LIBERT\u00c9 :<br \/>\n<\/strong>Les informations \u00e0 caract\u00e8re personnel qui sont communiqu\u00e9es par le Client \u00e0 EPUPharm restent strictement confidentielles et ne font l\u2019objet d\u2019aucune communication externe aupr\u00e8s d\u2019autres intervenants. Les informations collect\u00e9es sur le Stagiaire et le Client par tous moyens (sur la messagerie <a href=\"mailto:epupharm@gmail.com\">epupharm@gmail.com<\/a>, par courrier, par sondage, lors des sessions de formation) seront communiqu\u00e9es uniquement au membre du bureau, du Conseil d\u2019Administration et \u00e0 la Secr\u00e9taire externe. Les donn\u00e9es sont conserv\u00e9es pendant la dur\u00e9e de l\u2019adh\u00e9sion \u00e0 l\u2019association.<\/p>\n<p>Conform\u00e9ment au r\u00e8glement europ\u00e9en relatif \u00e0 la protection des donn\u00e9es en vigueur depuis le 25 mai 2018, le Client et le Stagiaire disposent d\u2019un droit d\u2019acc\u00e8s \u00e0 leurs donn\u00e9es et peuvent demander \u00e0 les rectifier, \u00e0 les effacer ou \u00e0 en limiter le traitement. Pour exercer ces droits ou pour toute question sur le traitement de leurs donn\u00e9es, le Stagiaire et le Client peuvent contacter le cas \u00e9ch\u00e9ant notre D\u00e9l\u00e9gu\u00e9 \u00e0 la Protection des Donn\u00e9es\u00a0: <a href=\"mailto:epupharm@gmail.com\">epupharm@gmail.com<\/a> \u2013 06 61 36 37 00.<br \/>\nWebdesign : <em><a href=\"https:\/\/bigcheese.fr\/\">BigCheese Paris<\/a><\/em> \/ <em><a href=\"https:\/\/www.graf-id.fr\/\">Graf-id<\/a> <\/em><\/p>\n<p><strong><br \/>\nIX \u2013 TRIBUNAL COMP\u00c9TENT :<br \/>\n<\/strong>Tout litige relatif \u00e0 l\u2019interpr\u00e9tation et \u00e0 l\u2019ex\u00e9cution des pr\u00e9sentes Conditions G\u00e9n\u00e9rales de Vente est soumis au droit fran\u00e7ais. A d\u00e9faut de r\u00e9solution amiable, le litige sera de la comp\u00e9tence exclusive des tribunaux de Nantes.[\/vc_column_text][\/vc_column][vc_column width=\u00a0\u00bb1\/6&Prime;][\/vc_column][\/vc_row][vc_row force_equal_height_columns=\u00a0\u00bboff\u00a0\u00bb dfd_row_config=\u00a0\u00bbdefault_row_no_paddings\u00a0\u00bb anchor=\u00a0\u00bbcontacts\u00a0\u00bb dfd_enable_overlay=\u00a0\u00bboff\u00a0\u00bb css=\u00a0\u00bb.vc_custom_1515412263288{margin-top: 0px !important;border-top-width: 0px !important;padding-top: 5% !important;padding-bottom: 5% !important;background-color: #f9d281 !important;}\u00a0\u00bb][vc_column width=\u00a0\u00bb1\/12&Prime;][\/vc_column][vc_column width=\u00a0\u00bb1\/6&Prime;][vc_single_image image=\u00a0\u00bb13314&Prime; img_size=\u00a0\u00bbfull\u00a0\u00bb][\/vc_column][vc_column width=\u00a0\u00bb1\/3&Prime;]<div id=\"info-box-69f43a01533db\" class=\"aio-icon-component   style_1\"><div class=\"aio-icon-box left-icon  cr-animate-gen\" data-animate-type = \"transition.slideRightIn\"  style=\"\"><div class=\"aio-icon-left\"><div class=\"align-icon\" style=\"text-align: center;\">\n<div class=\"aio-icon none  \" style=\"color:#ffffff;font-size:24px;display:inline-block !important;\" >\n\t<i class=\"dfd-icon-group_1\"><\/i>\n<\/div><\/div><\/div><div class=\"aio-ibd-block\"><div class=\"aio-icon-header\"><div class=\"feature-title\" style=\"\">Les membres du bureau<\/div><\/div><!-- header --><div class=\"aio-icon-description\" style=\"\"><p>Pr\u00e9sidente : R\u00e9gine DEPORTE<br \/>\nVice-Pr\u00e9sident : Philippe GRANDON<br \/>\nTr\u00e9sorier : Louis BOUQUET<br \/>\nSecr\u00e9taire : Guyl\u00e8ne BOUARD<\/p>\n<p><strong>Autres membres :<\/strong><br \/>\nAude VEYRAC, Fran\u00e7oise THOBY<\/p>\n<\/div> <!-- description --><\/div> <!-- aio-ibd-block --><\/div> <!-- aio-icon-box --><\/div> <!-- aio-icon-component --><div class=\"ult-spacer spacer-69f43a015354b\" data-id=\"69f43a015354b\" data-height=\"50\" data-height-mobile=\"30\" data-height-tab=\"30\" style=\"clear:both;display:block;\"><\/div>[\/vc_column][vc_column width=\u00a0\u00bb1\/3&Prime;]<div id=\"info-box-69f43a01535ac\" class=\"aio-icon-component   style_1\"><div class=\"aio-icon-box left-icon  cr-animate-gen\" data-animate-type = \"transition.slideRightIn\"  style=\"\"><div class=\"aio-icon-left\"><div class=\"align-icon\" style=\"text-align: center;\">\n<div class=\"aio-icon none  \" style=\"color:#ffffff;font-size:24px;display:inline-block !important;\" >\n\t<i class=\"dfd-icon-email_doc\"><\/i>\n<\/div><\/div><\/div><div class=\"aio-ibd-block\"><div class=\"aio-icon-header\"><div class=\"feature-title\" style=\"\">EPU Pharm<\/div><\/div><!-- header --><div class=\"aio-icon-description\" style=\"\"><p>Adresse postale: 5 rue Hersart de la Villemarqu\u00e9, 44360 VIGNEUX DE BRETAGNE<\/p>\n<p>Mail : epupharm@gmail.com<\/p>\n<p>Tel : <span class=\"s1\">06 61 36 37 00<br \/>\n<\/span><\/p>\n<p><a href=\"https:\/\/www.linkedin.com\/search\/results\/all\/?fetchDeterministicClustersOnly=false&amp;heroEntityKey=urn%3Ali%3Aorganization%3A47886424&amp;keywords=epupharm&amp;origin=RICH_QUERY_SUGGESTION&amp;position=0&amp;searchId=a2e2e173-4241-4252-92ea-4140421c4786&amp;sid=psY\" target=\"_blank\" rel=\"noopener\"><img loading=\"lazy\" class=\"alignnone wp-image-13992\" src=\"https:\/\/epupharm.com\/wp-content\/uploads\/2023\/02\/linkedin-icon-for-email-23.png\" alt=\"\" width=\"38\" height=\"38\" srcset=\"https:\/\/epupharm.com\/wp-content\/uploads\/2023\/02\/linkedin-icon-for-email-23.png 512w, https:\/\/epupharm.com\/wp-content\/uploads\/2023\/02\/linkedin-icon-for-email-23-300x300.png 300w, https:\/\/epupharm.com\/wp-content\/uploads\/2023\/02\/linkedin-icon-for-email-23-150x150.png 150w\" sizes=\"(max-width: 38px) 100vw, 38px\" \/><\/a><\/p>\n<\/div> <!-- description --><\/div> <!-- aio-ibd-block --><\/div> <!-- aio-icon-box --><\/div> <!-- aio-icon-component --><div class=\"ult-spacer spacer-69f43a01536c5\" data-id=\"69f43a01536c5\" data-height=\"20\" data-height-mobile=\"20\" data-height-tab=\"20\" style=\"clear:both;display:block;\"><\/div>[\/vc_column][vc_column width=\u00a0\u00bb1\/12&Prime;][\/vc_column][\/vc_row][vc_row bg_check=\u00a0\u00bbrow-background-dark\u00a0\u00bb css=\u00a0\u00bb.vc_custom_1482318159543{background-color: #274084 !important;background-position: center !important;background-repeat: no-repeat !important;background-size: cover !important;}\u00a0\u00bb][vc_column]<div class=\"ult-spacer spacer-69f43a015370f\" data-id=\"69f43a015370f\" data-height=\"80\" data-height-mobile=\"60\" data-height-tab=\"65\" style=\"clear:both;display:block;\"><\/div>[vc_single_image image=\u00a0\u00bb13037&Prime; img_size=\u00a0\u00bbfull\u00a0\u00bb alignment=\u00a0\u00bbcenter\u00a0\u00bb]<div class=\"ult-spacer spacer-69f43a0153756\" data-id=\"69f43a0153756\" data-height=\"45\" data-height-mobile=\"20\" data-height-tab=\"35\" style=\"clear:both;display:block;\"><\/div>[vc_column_text]<\/p>\n<p style=\"text-align: center; opacity: 0.5; font-size: 14px;\"><em>\u00a9EPUPharm 02\/2023 <\/em><\/p>\n<p>[\/vc_column_text]<div class=\"ult-spacer spacer-69f43a015379d\" data-id=\"69f43a015379d\" data-height=\"20\" data-height-mobile=\"60\" data-height-tab=\"20\" style=\"clear:both;display:block;\"><\/div>[\/vc_column][\/vc_row]<\/p>\n","protected":false},"excerpt":{"rendered":"<p>[vc_row dfd_row_config=\u00a0\u00bbfull_width_content\u00a0\u00bb bg_check=\u00a0\u00bbrow-background-dark\u00a0\u00bb css=\u00a0\u00bb.vc_custom_1515412512413{padding-top: 80px !important;background-color: #284083 !important;}\u00a0\u00bb][vc_column offset=\u00a0\u00bbvc_hidden-sm vc_hidden-xs\u00a0\u00bb][vc_column_text css=\u00a0\u00bb.vc_custom_1515412396333{padding-right: 30px !important;padding-left: 30px !important;}\u00a0\u00bb] CONDITIONS G\u00c9N\u00c9RALES DE VENTE [\/vc_column_text][\/vc_column][\/vc_row][vc_row][vc_column][vc_column_text css=\u00a0\u00bb.vc_custom_1632915599165{margin-top: 20px !important;margin-right: 22px !important;margin-bottom: 20px !important;margin-left: 20px !important;}\u00a0\u00bb] N\u00b0<\/p>\n","protected":false},"author":1,"featured_media":0,"parent":0,"menu_order":0,"comment_status":"closed","ping_status":"closed","template":"page-custom.php","meta":[],"acf":[],"_links":{"self":[{"href":"https:\/\/epupharm.com\/index.php\/wp-json\/wp\/v2\/pages\/13602"}],"collection":[{"href":"https:\/\/epupharm.com\/index.php\/wp-json\/wp\/v2\/pages"}],"about":[{"href":"https:\/\/epupharm.com\/index.php\/wp-json\/wp\/v2\/types\/page"}],"author":[{"embeddable":true,"href":"https:\/\/epupharm.com\/index.php\/wp-json\/wp\/v2\/users\/1"}],"replies":[{"embeddable":true,"href":"https:\/\/epupharm.com\/index.php\/wp-json\/wp\/v2\/comments?post=13602"}],"version-history":[{"count":38,"href":"https:\/\/epupharm.com\/index.php\/wp-json\/wp\/v2\/pages\/13602\/revisions"}],"predecessor-version":[{"id":14105,"href":"https:\/\/epupharm.com\/index.php\/wp-json\/wp\/v2\/pages\/13602\/revisions\/14105"}],"wp:attachment":[{"href":"https:\/\/epupharm.com\/index.php\/wp-json\/wp\/v2\/media?parent=13602"}],"curies":[{"name":"wp","href":"https:\/\/api.w.org\/{rel}","templated":true}]}}